 3, what is 1122000 + 2012011?
10211011
In base 3, what is -2010120 + 110002110?
100221220
In base 10, what is 190 - -37086?
37276
In base 3, what is 12 - -10220112102002001?
10220112102002020
In base 14, what is -1b7dddb - 13?
-1b80010
In base 9, what is 2724274 - -15?
2724300
In base 2, what is -1110111000100010000 + 10001?
-1110111000011111111
In base 6, what is 105 + 31403?
31512
In base 7, what is 54 - 656606?
-656522
In base 6, what is 2451 + 511304?
514155
In base 15, what is 1a - 2504c10?
-2504be5
In base 7, what is 302240 + -2154?
300053
In base 5, what is -4341 - 21301203?
-21311044
In base 4, what is 10 + -1011132112202?
-1011132112132
In base 5, what is -311022304042 + -4?
-311022304101
In base 13, what is 790cb + 33b?
79439
In base 12, what is -3674b4 - 2b?
-367523
In base 3, what is -11 - 110122010101?
-110122010112
In base 14, what is -1d0841 - -28?
-1d0817
In base 13, what is 7 + c8696?
c86a0
In base 14, what is -189d265 + -7?
-189d26c
In base 8, what is 3 + 3165323?
3165326
In base 10, what is -888432 + 5?
-888427
In base 6, what is 0 + -453350144?
-453350144
In base 16, what is -18c6 - -4bd?
-1409
In base 14, what is 0 - -611581?
611581
In base 4, what is -120033322 - -20332?
-120012330
In base 5, what is -32102122220 + 4?
-32102122211
In base 8, what is 117234 - 34641?
62373
In base 12, what is -33 - -5345487?
5345454
In base 14, what is bdb89 - -30?
bdbb9
In base 16, what is 2 - -27fa37?
27fa39
In base 9, what is -280224 - 414?
-280638
In base 12, what is 2 - 115064a?
-1150648
In base 2, what is 100000001 - 110111010010111100111?
-110111010010011100110
In base 11, what is -18399a08 - -3?
-18399a05
In base 16, what is -55 + -14ece3?
-14ed38
In base 15, what is -12 + 15759d?
15758b
In base 14, what is -92 + -c96b?
-ca1d
In base 3, what is 20022012021 + -1210?
20022010111
In base 13, what is 8bb257 - a?
8bb24a
In base 10, what is 2315 - 56897?
-54582
In base 3, what is 120 + -10222022211211011?
-10222022211210121
In base 9, what is 14367052 - 107?
14366844
In base 12, what is -186782731 + 3?
-18678272a
In base 7, what is -415 - 25316?
-26034
In base 6, what is 13002 - 2043?
10515
In base 16, what is 5 + c294?
c299
In base 6, what is 10402415 + -40?
10402335
In base 8, what is 76137 + 6513?
104652
In base 13, what is -b0 + 13c23?
13b43
In base 16, what is 59bb95 - 5?
59bb90
In base 11, what is -aa + 62421?
62322
In base 9, what is -133840368 - -3?
-133840365
In base 13, what is -198 + 3b233?
3b068
In base 5, what is -1311 - -213340310?
213333444
In base 8, what is -41167 + 72310?
31121
In base 4, what is 10310021 + 112122?
11022203
In base 16, what is 2bf0 - -194?
2d84
In base 2, what is 11001110101010100 - 11?
11001110101010001
In base 15, what is 5 - cdd2620?
-cdd261a
In base 11, what is 12 - 28418a81?
-28418a6a
In base 4, what is -231123011 + -11?
-231123022
In base 10, what is 1020006 + -18?
1019988
In base 8, what is 125257705 - 4?
125257701
In base 3, what is -12021002 + -1120022020?
-1202120022
In base 15, what is 46 + -9b379?
-9b333
In base 12, what is 2 + 395607a?
3956080
In base 9, what is -708 - -8051?
7242
In base 4, what is 1211 + 2311103230?
2311111101
In base 7, what is 401 + 42000?
42401
In base 11, what is -5 + 1322707?
1322702
In base 9, what is 28707338 - -2?
28707341
In base 3, what is -2122200222110 + 11121?
-2122200210212
In base 7, what is -2453 + 3526?
1043
In base 7, what is -26 - -105540000?
105536641
In base 16, what is -5 - 23eb98?
-23eb9d
In base 12, what is 3 + -8078a4?
-8078a1
In base 14, what is -15311c - -c0?
-15303c
In base 11, what is 31947 + -5378?
2757a
In base 14, what is 88a49 - -5?
88a50
In base 5, what is 31330422 + -2304?
31323113
In base 3, what is 2002022001012 - 1010?
2002022000002
In base 2, what is -100000010110001011010011111 - 11?
-100000010110001011010100010
In base 14, what is 2c822ca9 + 0?
2c822ca9
In base 9, what is 34163 + 448?
34622
In base 6, what is 102104354100 + 3?
102104354103
In base 3, what is -1012121 + 12211020002?
12210000111
In base 9, what is -125826 - -4221?
-121605
In base 2, what is 10001101001000 + -1111101001?
1111101011111
In base 3, what is -101220201200210 + 200?
-101220201200010
In base 10, what is 113509 - -36?
113545
In base 3, what is -1111000 - -12020101120?
12011220120
In base 5, what is 1301 - -101?
1402
In base 8, what is -4056176 - -150?
-4056026
In base 11, what is -679 + 7208?
663a
In base 14, what is -1c + aa3c7?
aa3a9
In base 13, what is -2695525 - 1?
-2695526
In base 7, what is -13600 - -4040?
-6530
In base 4, what is -302101222 + -11?
-302101233
In base 10, what is -32886 - -1713?
-31173
In base 11, what is 1 + 8100597?
8100598
In base 13, what is -ca4 - -1687a?
158a6
In base 13, what is 2 - 537563?
-537561
In base 16, what is -ac + 248ba?
2480e
In base 11, what is -4 + 2355a980?
2355a977
In base 9, what is -32816 + -382?
-33308
In base 15, what is -6a + 4095?
402a
In base 13, what is -2430099 + 6?
-2430093
In base 12, what is 0 - -1559b730?
1559b730
In base 12, what is -2 + 22469b07?
22469b05
In base 3, what is 20012 + 11000100011?
11000120100
In base 16, what is -1bcae2 - 4?
-1bcae6
In base 11, what is 1a350347 - 14?
1a350333
In base 6, what is -10511021 - 330?
-10511351
In base 9, what is -5376 + -3861?
-10347
In base 14, what is -476 + -9cd?
-1065
In base 2, what is -100000111000 + -110101011?
-100111100011
In base 4, what is 1100231 - -103023032?
110123323
In base 5, what is -22304 + -211432?
-234241
In base 3, what is 20 + 2000212120212101?
2000212120212121
In base 14, what is -14b - -985d?
9712
In base 14, what is -49163 + -139?
-4929c
In base 16, what is -1 - -c2a307b?
c2a307a
In base 2, what is -10000 - 1110110101010000100?
-1110110101010010100
In base 4, what is 20301 + -1230121?
-1203220
In base 11, what is 1 - 169832?
-169831
In base 11, what is 4 + 42056?
4205a
In base 6, what is -22455352 + 233?
-22455115
In base 3, what is 1111 + 12201200022221?
12201200101102
In base 11, what is 5 + -197a940?
-197a936
In base 15, what is 2 - -46291?
46293
In base 2, what is -1100 - -1001011000101010001?
1001011000101000101
In base 14, what is 3d79 - 285?
3ad4
In base 14, what is 3 + b49899?
b4989c
In base 4, what is -31022011333202 - 3?
-31022011333211
In base 10, what is 35 - 1427590?
-1427555
In base 14, what is -4 - -198b1c?
198b18
In base 12, what is b5a - 10a7a?
-bb20
In base 7, what is -5643400 - 1064?
-5644464
In base 4, what is -10 + 100001301023?
100001301013
In base 3, what is 11 - 11000012121111?
-11000012121100
In base 15, what is -144 + -1305?
-1449
In base 3, what is 12 - 1001211210?
-1001211121
In base 13, what is -4 + 3c03b229?
3c03b225
In base 11, what is 1 + 8356a50?
8356a51
In base 6, what is -112 + -1330220001?
-1330220113
In base 4, what is -3321202 - -11000?
-3310202
In base 7, what is -1621 - -4142?
2221
In base 5, what is -21 - -223243013?
223242442
In base 9, what is 5034 + -2234?
2700
In base 9, what is -80047 + -142?
-80200
In base 15, what is 6082 - -56?
60d8
In base 12, what is -3a - 32b11b1?
-32b122b
In base 8, what is -3642664 - 265?
-3643151
In base 14, what is 23c8 + -1187?
1241
In base 9, what is -1723 - 82124?
-83847
In base 7, what is 101 - -1052610?
1053011
In base 14, what is 4 + -2adc6b?
-2adc67
In base 7, what is 1163032025 - -3?
1163032031
In base 9, what is 53414 - 712?
52602
In base 14, what is -3433 - -1b7c?
-1695
In base 11, what is -118 + -1340629?
-1340746
In base 12, what is 453495 + -787?
45290a
In base 14, what is -57da719 + 2?
-57da717
In base 15, what is 151e + -21?
14ed
In base 4, what is -1123312133 + -3?
-1123312202
In base 10, what is 23706 + -144?
23562
In base 16, what is 522b + -9f2?
4839
In base 13, what is 168a9 + -6859?
10050
In base 14, what is 3 + -3a946ca6?
-3a946ca3
In base 6, what is -10401331 + 1242?
-10400045
In base 3, what is 200021100012011 - 10?
200021100012001
In base 7, what is -443360134 + 4?
-443360130
In base 3, what is 22202012 - 1121020121?
-1021111102
In base 9, what is -3 + -63223838?
-63223842
In base 16, what is 4 - -17cc94?
17cc98
In base 8, what is 2046033160 + 3?
2046033163
In base 8, what is -1 - -21600040?
21600037
In base 12, what is -25b248 + -4?
-25b250
In base 11, what is -256261613 - 2?
-256261615
In base 4, what is -2 + -133110023313?
-133110